-k. What is the units digit of o?
5
Let w = 44 + -38. Let x be 9 - ((-1)/4 + w/24). Suppose x*i = 7*i + 44. What is the units digit of i?
2
Let a = 40437 - 35630. What is the units digit of a?
7
What is the units digit of (-4)/(-26) - (3 + -2 + (-21652350)/390)?
8
Let s = 6 + -6. Let b(r) = -2*r**2 + r. Let m be b(s). What is the tens digit of 2 - m - (-4 - 50)/2?
2
Let f(l) = l**3 + 13*l**2 + 2*l + 26. Let y be f(-13). Suppose y = -u + 60 + 94. What is the tens digit of u?
5
Let u(k) = 668*k - 1011. What is the thousands digit of u(5)?
2
Let s = 45 - 61. Let k(v) = -7*v**2 + 11*v - 13. Let a(g) = -36*g**2 + 54*g - 64. Let r(l) = s*k(l) + 3*a(l). What is the hundreds digit of r(8)?
1
Let x = 74 + -108. What is the hundreds digit of (-4)/x - 9584/(-34)?
2
Let y = 1 - 21. Let g be 2/10 + 2/(y/(-458)). Let z = g + -9. What is the tens digit of z?
3
Let i(t) = -t**3 - 3*t**2 + 22*t + 24112. What is the units digit of i(0)?
2
Let m(u) = -9*u - 23. Let n be m(-9). Let v(o) = n + 11 - 29 - o**2 - 21*o. What is the units digit of v(-22)?
8
Suppose 89*l - 301967 - 652291 = 0. What is the thousands digit of l?
0
Suppose 0 = 6*s - s. Suppose -5*n + 6*n - 82 = s. Let x = n + 5. What is the tens digit of x?
8
Suppose -b = 5*f - 16456, 194*b - 190*b - 65944 = 4*f. What is the hundreds digit of b?
4
Suppose -37943 = -2*d - 3*h, -d + h + 16384 = -2610. What is the units digit of d?
5
What is the hundreds digit of (-6 + 82930/(-40))*(-4)/1?
3
Suppose 0 = 3*k + 5*r - 56, -4*r = 4*k - 7*k + 47. Suppose 0 = -3*w + 3, 15*u + 5*w = k*u - 869. What is the units digit of u?
7
Let v(a) = -a**2 + 8*a - 12. Let z be v(5). Suppose z*o - 435 = 3*j, -2*o + 432 = -5*j + 127. What is the hundreds digit of o?
1
Suppose -5*t - 5*w = 55, -5*w - 9 = 2*t + 16. Let s(b) = b**2 - 39*b - 4. What is the tens digit of s(t)?
8
Suppose 2*h - 20*h = -90. Suppose 4*g = -4*v + 632, h = -2*g + 1. What is the tens digit of v?
6
Let k(r) = 0 + r + 5 - 17*r**3 - 4. Let j be k(-1). Suppose j*w = 22*w - 30. What is the units digit of w?
6
Let a = 245 + -99. Suppose -c - 5*p + p = -a, 3*c - p - 373 = 0. Let x = c - -106. What is the units digit of x?
2
Let t = -927 - -4526. What is the tens digit of t?
9
Let w = 64 + -61. Suppose -8 = -3*b - t, -w*t = -b + 22 - 6. Suppose b*o = -4*f + 216, 2*f + 10 = 2. What is the units digit of o?
8
Suppose -55 = -5*w + 4*p - 9, w + 5*p + 14 = 0. Let i(j) = -j**3 + 43*j**2 - 37*j + 106. Let q be i(42). Suppose w*v = 2*v + q. What is the tens digit of v?
7
Let k = 79075 + 12495. What is the units digit of k?
0
Suppose 0 = -2553*g + 2551*g + 1644. What is the tens digit of g?
2
What is the tens digit of 2 - (881530/(-39) + (-20)/12 + 2)?
0
Let b(h) = -h**3 + 4*h**2 + 3*h + 14. Let a be b(5). Suppose 2*g + 67*t - 71*t - 2286 = 0, -a*t + 3479 = 3*g. What is the hundreds digit of g?
1
Suppose 187 = 8*d - 333. Suppose 0*j + 2*j = -5*w + 19, -4*j - w = -d. What is the units digit of j?
7
Suppose 0 = 14*w - 35*w + 21735. Suppose -5*j = -5*h - w, -2*h + 3*h = 0. What is the units digit of j?
7
Suppose 231*b = 33*b + 5126418. What is the tens digit of b?
9
Suppose 0 = -5*a - 4*y + 14453, 4*a - 3*y + 3346 = 14896. Suppose 4*l + 3*z = 3*l + 574, 5*l = 4*z + a. What is the tens digit of l?
7
Let g = 19 - 23. Let o(y) = y + 6. Let p be o(g). Let c = p - -99. What is the units digit of c?
1
Let p(d) = -d + 117. Let c = 393 - 359. What is the tens digit of p(c)?
8
Suppose -210*m + 2729424 + 5851871 = -2226355. What is the thousands digit of m?
1
Suppose 0 = -4*n - 24 + 32. Suppose n*m - 3 + 11 = 0. Let q(c) = -c**3 + 4*c + 10. What is the tens digit of q(m)?
5
Suppose m + 244 = 2*r, 2*m + 495 = -4*r + r. Let t(p) = p**2 - 41*p - 165. Let x be t(42). Let d = x - m. What is the tens digit of d?
2
Let k(m) = -90*m + 18. Let j be k(3). Let u = j - 627. What is the hundreds digit of 88/(-110) + u/(-5)?
1
Let s(a) = 5*a**3 - 15*a**2 - 29*a + 112. What is the tens digit of s(10)?
2
Let q(p) = 2*p + 53. Let i be q(-24). Suppose -2*f - 4*t = -640, 0*f - i*f - t + 1564 = 0. What is the units digit of f?
2
Let i(d) = 12*d**2 - 120*d + 1100. What is the hundreds digit of i(58)?
5
Let q = -163 + 228. What is the tens digit of 31/(-3 - (-200)/q)?
0
Let s(w) = -3*w**2 + 35*w - 44. Let u be s(13). Let m = u + 393. What is the hundreds digit of m?
2
Suppose 5*a = 4*p - 1994 - 420, 3*p - 5*a - 1813 = 0. Suppose 2545 = 11*w - p. What is the hundreds digit of w?
2
What is the tens digit of 2/9 - (4121306/(-126) - 18)?
2
Suppose 4*y - y = -15. Let d(a) = -a - 2. Let i be d(y). Suppose 4*o + 4*w = 376, -123 = -2*o + i*w + 75. What is the tens digit of o?
9
Let u(q) = 8*q + 194. Let d be u(-20). Suppose -d*n = -20347 - 22017. What is the thousands digit of n?
1
Let b(h) be the first derivative of h**4/12 + 9*h**3/2 - 10*h**2 - 22*h + 25. Let n(a) be the first derivative of b(a). What is the units digit of n(-28)?
8
Let n(i) be the second derivative of -i**5/20 + 7*i**4/6 - 8*i**3/3 - 14*i**2 - i. Let a be n(15). What is the tens digit of (a/(-5) - 2) + 8/20?
9
What is the tens digit of (15 + 194856/(-40))*-5?
8
Let l(j) = 96*j**2 - 265*j - 2584. What is the tens digit of l(-10)?
6
Let i = 668 - -9415. What is the ten thousands digit of i?
1
What is the ten thousands digit of 1/(-5) + (-513)/810*-45564?
2
Suppose 10*v - 3*v - 763 = 0. Let a = -179 + v. What is the tens digit of a*(-5)/5 + 0 + 0?
7
Let d = -2755 + 4760. What is the tens digit of d?
0
Let j(i) be the third derivative of 5*i**5/6 - 5*i**4/12 + 5*i**3/6 - 65*i**2. What is the units digit of j(3)?
5
Let r(p) = 5*p**3 + 10*p**2 + 8*p - 1. Let b(q) = -q**3 + q**2 - q. Let d(w) = 6*b(w) + r(w). What is the hundreds digit of d(4)?
1
Suppose 6*r = 125 - 161. Let c(x) = -x**2 - 18*x + 1. What is the tens digit of c(r)?
7
What is the ten thousands digit of 2/((-8)/2804)*(78 + -149)?
4
Let u(v) = v**2 - 26*v + 51. Let k be u(24). What is the hundreds digit of 1632/60*(k + 2)?
1
Suppose 7*y - 31764 - 3159 = 0. What is the tens digit of y?
8
Let i = -204 + -248. Let r = 655 + i. What is the hundreds digit of r?
2
Let r(j) = 47*j**3 + 15*j**2 + 2*j - 21. What is the units digit of r(9)?
5
Let v be 2/(-9) + (-28)/(-126). Suppose v = d - 0*d - 2. Let u(j) = 17*j**3 + 2*j**2 + j + 3. What is the hundreds digit of u(d)?
1
Suppose -103*y - 96*y + 1235193 = 0. What is the units digit of y?
7
Let s(j) = -2*j**3 - 5*j**2 - 3*j + 2. Let r be s(-3). Let p be -14*(r/(-8) + 2). Suppose p*q - 3*q - 224 = 0. What is the units digit of q?
6
Suppose 4*d - 50912 = 246*t - 241*t, 4*d - 50912 = -4*t. What is the units digit of d?
8
Let g(k) = -92*k - 4. Let s be g(-2). What is the tens digit of (72/s)/(816/815 - 1)?
2
Suppose -3*n = -2*n. Suppose -9*r + 190 + 2969 = n. Suppose 329 = 5*v - r. What is the units digit of v?
6
Let u(c) = -3*c - 15*c**2 - 4*c - c**3 - 1 + 21*c**2. Let m be u(3). Suppose 72 = 5*x - 4*x - 4*d, -m*x = -3*d - 411. What is the tens digit of x?
8
Suppose -d - 7 = -18. Suppose -d*r = -8*r - 1338. What is the tens digit of r?
4
Let c(n) = 10*n - 27. Let v(f) = -5*f**2 - 9*f - 6. Let d(g) = -g**2 - g. Let l(h) = -6*d(h) + v(h). Let o be l(5). What is the units digit of c(o)?
3
Suppose -260*k + 3433743 = -80*k + 967563. What is the thousands digit of k?
3
Suppose 232 = -2*o + 4*j, 2*j - 3*j + 368 = -3*o. What is the hundreds digit of o/12*-57 + 2/1?
5
What is the ten thousands digit of (42/(-8))/(((-66)/109120)/3)?
2
Let h be (1 - 9)/(-2) + 1. Suppose 6*d = d + j + 2048, h*j = 4*d - 1630. What is the tens digit of d?
1
Let p(b) = -3*b - 84. Let m be p(-16). Let o(y) = -y**3 - 34*y**2 + 25*y + 104. What is the tens digit of o(m)?
9
Suppose 5*r + 4*i - 20 = 0, -i + 22 = -4*r + 38. Suppose -2755 = -4*q + g, r*q - 2*g - 2585 = 173. What is the tens digit of q?
8
Let v(i) be the first derivative of -191*i**4/2 - i + 16. Let h be v(-1). Suppose -2*x + 5*x = 3*y - h, -2*y = -4*x - 248. What is the hundreds digit of y?
1
Let a(w) = 760*w - 2418. What is the units digit of a(7)?
2
Let n(q) = 11*q**2 + 480*q - 131. What is the ten thousands digit of n(-60)?
1
Suppose 24*k - 177840 = -48*k. What is the hundreds digit of k?
4
Suppose -54*h + 244*h - 10671400 = -3050880. What is the hundreds digit of h?
1
Let g(r) = -706*r + 604. What is the units digit of 